3) in base 8?
-1356473
What is -24b0b2 (base 12) in base 4?
-2102123012
Convert -6dcc2 (base 14) to base 7.
-2166232
What is 4614a47 (base 11) in base 9?
16165122
What is 43825 (base 12) in base 14?
24793
What is -1455521 (base 8) in base 3?
-210011110101
Convert -123343434 (base 6) to base 3.
-11112101020011
Convert -a55ca (base 13) to base 9.
-503213
Convert 29b208 (base 16) to base 7.
32140424
Convert -1102014031 (base 5) to base 10.
-2376141
-134862 (base 9) to base 6
-1433132
2263 (base 12) to base 3
12020110
What is 18156 (base 15) in base 14?
20587
Convert 1162351 (base 7) to base 5.
14242411
267079 (base 11) to base 9
708215
Convert 1222354 (base 11) to base 7.
24033223
-18258d (base 14) to base 4
-3033330201
-200020112100200 (base 3) to base 6
-543441543
What is -2340001203 (base 5) in base 2?
-10100100100000111010011
424140 (base 5) to base 10
14295
-11121020202011 (base 3) to base 2
-1001010101000100101010
Convert -3204433 (base 6) to base 3.
-21221202010
919284 (base 10) to base 5
213404114
3001202310 (base 5) to base 9
12054008
Convert 40746242 (base 8) to base 12.
2a86742
355781 (base 9) to base 10
214237
1230503 (base 6) to base 2
10000001011100111
150432 (base 6) to base 15
4415
Convert 171037 (base 10) to base 13.
5cb09
-272739 (base 11) to base 8
-1504154
444065 (base 7) to base 8
230653
What is -14263413 (base 9) in base 3?
-111022010110110
3368 (base 9) to base 2
100110111100
-1045580 (base 16) to base 5
-13331424443
What is 431322314 (base 5) in base 8?
6751343
What is 212202221201 (base 3) in base 2?
1110010010000001111
4a6796 (base 14) to base 2
1001101111011001010000
Convert -30409 (base 15) to base 2.
-100101010011010000
Convert -23042a (base 14) to base 9.
-2215651
568e0 (base 15) to base 16
433b9
Convert 3234565 (base 7) to base 16.
608a4
543412 (base 7) to base 13
3424c
-1111101101001101101 (base 2) to base 15
-a2764
Convert 13001010230 (base 4) to base 3.
10110110012002
Convert 30530467 (base 8) to base 7.
105655560
What is -34271 (base 11) in base 6?
-1021251
Convert -330431404 (base 5) to base 8.
-5327066
8c2be (base 15) to base 8
1547261
What is -cfe76 (base 16) in base 9?
-1537123
What is -104010234 (base 5) in base 10?
-453819
13439a (base 12) to base 9
534811
3038973 (base 13) to base 7
234654513
What is -20211012020 (base 3) in base 8?
-406205
What is -4bbc3 (base 16) in base 15?
-61dab
-110101001111101100100 (base 2) to base 4
-12221331210
What is -1110110010000001 (base 2) in base 4?
-32302001
-5aa17 (base 11) to base 16
-156bf
What is 268805 (base 13) in base 16?
e3c15
1040403 (base 5) to base 8
43464
Convert 5247656 (base 8) to base 12.
5742ba
What is -12766512 (base 8) in base 16?
-2bed4a
What is 1011100110111001011 (base 2) in base 14?
9c88b
-1366745 (base 8) to base 12
-168a59
11637270 (base 10) to base 15
104d130
Convert -2cd2d5 (base 15) to base 9.
-4067662
4d56de (base 16) to base 5
2244143020
135616 (base 9) to base 10
82878
What is -4244565 (base 7) in base 6?
-15014250
Convert -1b4ac5 (base 14) to base 10.
-973509
Convert 226275 (base 9) to base 6.
2524452
What is 1011110101110010110001 (base 2) in base 8?
13656261
Convert -670db (base 14) to base 13.
-8998b
Convert -112122211201002 (base 3) to base 12.
-2738a62
7598588 (base 11) to base 6
1154042152
-3048007 (base 9) to base 14
-3049dc
What is -1424015 (base 7) in base 6?
-4032315
3201302323 (base 5) to base 6
354512535
What is 371636 (base 9) in base 16?
36c42
Convert -2a43b (base 16) to base 15.
-36460
982058 (base 12) to base 14
469c44
Convert 4027a7 (base 11) to base 3.
1012220122201
10030 (base 8) to base 3
12122121
-270367 (base 10) to base 15
-55197
-47726 (base 9) to base 12
-16596
What is -1013553033 (base 6) in base 15?
-dd4089
34101223 (base 5) to base 13
a6835
Convert -301ab5 (base 12) to base 3.
-1102002112102
310311010 (base 4) to base 6
4345444
Convert -177061 (base 11) to base 7.
-2214456
What is 1000201211 (base 3) in base 16?
4efa
Convert -128ac (base 13) to base 7.
-202302
Convert -12112432 (base 5) to base 13.
-3c872
Convert 533405 (base 6) to base 11.
2a805
-8249172 (base 10) to base 16
-7ddf54
Convert 4132667 (base 10) to base 4.
33300330323
Convert 1012222033 (base 4) to base 2.
1000110101010001111
1267442 (base 8) to base 9
602460
Convert d4ae (base 15) to base 11.
30844
Convert -451512515 (base 6) to base 15.
-ac144e
Convert -249010 (base 10) to base 7.
-2054656
What is -18e4dc (base 16) in base 15?
-2235d7
What is 4820705 (base 9) in base 13?
705a97
What is 5115866 (base 9) in base 6?
134241440
-1b475 (base 14) to base 3
-10112022121
Convert -500ac7 (base 15) to base 4.
-32133210100
Convert 218e42 (base 16) to base 14.
4135d0
-1000010101000111 (base 2) to base 8
-102507
What is 1279a3 (base 12) in base 5?
34210234
Convert -1759 (base 10) to base 3.
-2102011
Convert -16406781 (base 9) to base 6.
-452010201
What is 31919c (base 13) in base 11?
724459
-838258 (base 11) to base 16
-147f34
553221 (base 8) to base 6
3553041
Convert -5310636 (base 8) to base 6.
-50144050
Convert 3200200 (base 5) to base 11.
36a51
What is -10275547 (base 9) in base 6?
-254041411
Convert -dd403 (base 16) to base 13.
-259650
What is 113531 (base 6) in base 8?
23277
Convert -cd544 (base 14) to base 3.
-221021201111
What is 251142 (base 6) in base 11?
15842
32200003 (base 4) to base 5
3400040
Convert -191179 (base 11) to base 13.
-a3c9c
-101044 (base 9) to base 15
-12acd
-23034a (base 16) to base 15
-304d37
Convert -2023032113 (base 4) to base 11.
-35a4a1
-1110101002101 (base 3) to base 16
-bd34f
Convert 121313132222 (base 4) to base 5.
3213441332
-a32b (base 14) to base 7
-144554
What is -117252 (base 9) in base 14?
-1bbbc
-1a30613 (base 14) to base 7
-215463323
Convert 24432401 (base 5) to base 7.
1661455
-996441 (base 10) to base 8
-3632131
Convert -14554140 (base 6) to base 2.
-1111101001101001100
What is -4333717 (base 10) in base 13?
-b8973b
313412423 (base 5) to base 12
53238b
Convert 9706 (base 13) to base 3.
1001202101
Convert 198642 (base 13) to base 6.
21511150
-5fb3da (base 16) to base 15
-83d55c
Convert 6887a (base 11) to base 10.
99549
What is 176263 (base 8) in base 2?
1111110010110011
Convert 211121121012 (base 3) to base 4.
1230223013
b539 (base 12) to base 13
9000
235104 (base 6) to base 12
ba94
Convert 883dad (base 14) to base 9.
8622551
What is -37a22b (base 13) in base 15?
-1b5d6b
308474 (base 13) to base 11
703727
Convert -54476 (base 8) to base 12.
-1127a
What is 23103100223 (base 4) in base 9?
5514668
Convert -113123200 (base 4) to base 3.
-11212122101
Convert 30451411 (base 6) to base 15.
125124
Convert -6e1b1 (base 16) to base 10.
-450993
What is -100011101011110100001 (base 2) in base 10?
-1169313
What is -c0b9 (base 13) in base 4?
-12132110
Convert 1201001 (base 4) to base 14.
2397
Convert -1102120011010 (base 3) to base 9.
-1376133
What is -548d (base 16) in base 15?
-6630
-13000322 (base 4) to base 15
-87a5
191592 (base 11) to base 3
112222110122
Convert -732211 (base 8) to base 11.
-156490
-10133030300 (base 5) to base 11
-599034a
-4d6f04 (base 16) to base 15
-6a392c
-6050269 (base 10) to base 15
-7e7a14
What is -10002222212210 (base 3) in base 7?
-20024034
Convert cb11 (base 15) to base 16.
a7ef
What is 11101000010100101011 (base 2) in base 11?
59aa47
What is 35476 (base 10) in base 3?
1210122221
-100010000000000111010011 (base 2) to base 14
-128044b
What is 1071b (base 15) in base 9?
78568
-1010010011011111111 (base 2) to base 12
-1434a7
-369451 (base 10) to base 9
-622711
What is 1011207 (base 9) in base 6?
15314524
Convert 11264220 (base 8) to base 3.
11121112222000
Convert -122123101 (base 5) to base 13.
-175417
Convert -6a946 (base 12) to base 15.
-2c5b6
Convert -2860401 (base 9) to base 16.
-180835
137546 (base 12) to base 8
1170506
-11102313 (base 5) to base 16
-17bb8
31767 (base 13) to base 4
111300330
124320313 (base 5) to base 8
2273063
Convert -39287 (base 12) to base 14.
-206a3
What is 2c3056 (base 14) in base 7?
16063136
What is 53213245 (base 6) in base 8?
5741375
-211303113 (base 4) to base 8
-456327
Convert 1a7cfc (base 16) to base 14.
3328b2
Convert 9706009 (base 10) to base 7.
145333255
11010110000011 (base 2) to base 9
20711
Convert -2104120424 (base 5) to base 6.
-233311024
Convert 7964b (ba